{"id":1859,"date":"2023-11-21T00:46:49","date_gmt":"2023-11-21T00:46:49","guid":{"rendered":"https:\/\/uecoe.es\/?page_id=1859"},"modified":"2024-04-04T13:48:29","modified_gmt":"2024-04-04T13:48:29","slug":"cataluna","status":"publish","type":"page","link":"https:\/\/uecoe.es\/en\/asociados\/cataluna\/","title":{"rendered":"cataluna"},"content":{"rendered":"<div data-elementor-type=\"wp-page\" data-elementor-id=\"1859\" class=\"elementor elementor-1859\" data-elementor-post-type=\"page\">\n\t\t\t\t\t\t<section class=\"elementor-section elementor-top-section elementor-element elementor-element-86f4e89 elementor-section-boxed elementor-section-height-default elementor-section-height-default\" data-id=\"86f4e89\" data-element_type=\"section\" data-e-type=\"section\">\n\t\t\t\t\t\t<div class=\"elementor-container elementor-column-gap-default\">\n\t\t\t\t\t<div class=\"elementor-column elementor-col-100 elementor-top-column elementor-element elementor-element-2f49fe9\" data-id=\"2f49fe9\" data-element_type=\"column\" data-e-type=\"column\">\n\t\t\t<div class=\"elementor-widget-wrap elementor-element-populated\">\n\t\t\t\t\t\t<section class=\"elementor-section elementor-inner-section elementor-element elementor-element-0f9d154 elementor-section-boxed elementor-section-height-default elementor-section-height-default\" data-id=\"0f9d154\" data-element_type=\"section\" data-e-type=\"section\">\n\t\t\t\t\t\t<div class=\"elementor-container elementor-column-gap-default\">\n\t\t\t\t\t<div class=\"elementor-column elementor-col-50 elementor-inner-column elementor-element elementor-element-d8bd0ff\" data-id=\"d8bd0ff\" data-element_type=\"column\" data-e-type=\"column\">\n\t\t\t<div class=\"elementor-widget-wrap elementor-element-populated\">\n\t\t\t\t\t\t<div class=\"elementor-element elementor-element-1fe0b59 elementor-widget__width-inherit elementor-widget elementor-widget-shortcode\" data-id=\"1fe0b59\" data-element_type=\"widget\" data-e-type=\"widget\" data-widget_type=\"shortcode.default\">\n\t\t\t\t<div class=\"elementor-widget-container\">\n\t\t\t\t\t\t\t<div class=\"elementor-shortcode\"><div class=\"map_wrapper\" id=\"map_wrapper_1770\">\n<div class=\"map_box\" style=\"max-width:1600px\">\n<div class=\"map_aspect_ratio\" style=\"padding-top:90%\" data-padding-top=\"90%\" data-padding-top-mobile=\"0%\">\n<div class=\"map_container\">\n<div class=\"map_render map_loading\" id=\"map_1770\"><\/div>\n<\/div>\n<\/div>\n<\/div>\n<\/div><\/div>\n\t\t\t\t\t\t<\/div>\n\t\t\t\t<\/div>\n\t\t\t\t\t<\/div>\n\t\t<\/div>\n\t\t\t\t<div class=\"elementor-column elementor-col-50 elementor-inner-column elementor-element elementor-element-158c4da\" data-id=\"158c4da\" data-element_type=\"column\" data-e-type=\"column\">\n\t\t\t<div class=\"elementor-widget-wrap elementor-element-populated\">\n\t\t\t\t\t\t<div class=\"elementor-element elementor-element-c73f259 elementor-widget elementor-widget-text-editor\" data-id=\"c73f259\" data-element_type=\"widget\" data-e-type=\"widget\" data-widget_type=\"text-editor.default\">\n\t\t\t\t<div class=\"elementor-widget-container\">\n\t\t\t\t\t\t\t\t\t<h3><strong>EscolesCoop.\u00a0 \u00a0 \u00a0Federaci\u00f3 de Cooperatives d\u00b4Ensenyament de Catalunya (FeCEC)<\/strong><\/h3><p>\u00a0<\/p><p><strong><a class=\"dt-pswp-item\" href=\"https:\/\/uecoe.endesys.net\/wp-content\/uploads\/2021\/04\/Escoles-Coop-Horitzontal-color.jpg\" data-dt-img-description=\"\" data-large_image_width=\"1638\" data-large_image_height=\"405\"><img decoding=\"async\" class=\"size-medium wp-image-1837 aligncenter\" src=\"https:\/\/uecoe.endesys.net\/wp-content\/uploads\/2021\/04\/Escoles-Coop-Horitzontal-color-300x74.jpg\" alt=\"\" width=\"300\" height=\"74\" \/><\/a><\/strong><\/p><p>\u00a0<\/p><p><strong>Direcci\u00f3n de la Organizaci\u00f3n\u00a0 \u00a0 \u00a0 \u00a0 \u00a0 \u00a0 \u00a0 \u00a0 \u00a0 \u00a0 \u00a0 \u00a0 \u00a0 \u00a0 \u00a0 \u00a0 \u00a0 \u00a0 \u00a0 \u00a0 \u00a0 \u00a0 \u00a0 \u00a0 \u00a0 \u00a0 \u00a0 \u00a0 \u00a0 \u00a0 \u00a0 \u00a0 \u00a0 \u00a0 \u00a0 \u00a0 <\/strong>FeCEC\u00a0 \u00a0 \u00a0 \u00a0 \u00a0 \u00a0 \u00a0 \u00a0 \u00a0 \u00a0 \u00a0 \u00a0 \u00a0 \u00a0 \u00a0 \u00a0 \u00a0 \u00a0 \u00a0 \u00a0 \u00a0 \u00a0 \u00a0 \u00a0 \u00a0 \u00a0 \u00a0 \u00a0 \u00a0 \u00a0 \u00a0 \u00a0 \u00a0 \u00a0 \u00a0 \u00a0 \u00a0 \u00a0 \u00a0 \u00a0 \u00a0 \u00a0 \u00a0 \u00a0 \u00a0 \u00a0 \u00a0 \u00a0 \u00a0 \u00a0 \u00a0 \u00a0 \u00a0 \u00a0 \u00a0 \u00a0 \u00a0 \u00a0 C. Premi\u00e0, n\u00ba 15 \u2013 1\u00aa planta\u00a0 \u00a0 \u00a0 \u00a0 \u00a0 \u00a0 \u00a0 \u00a0 \u00a0 \u00a0 \u00a0 \u00a0 \u00a0 \u00a0 \u00a0 \u00a0 \u00a0 \u00a0 \u00a0 \u00a0 \u00a0 \u00a0 \u00a0 \u00a0 \u00a0 \u00a0 \u00a0 \u00a0 \u00a0 \u00a0 \u00a0 \u00a0 \u00a0 \u00a0 \u00a0 \u00a0 \u00a0 \u00a0 \u00a0 \u00a0 \u00a0 \u00a0 08014- Barcelona<\/p><p><strong>Tel\u00e9fono<\/strong>: 933324326<\/p><p><strong>E-Mail<\/strong>: <a href=\"mailto:info@escolescooperatives.cat\">info@escolescooperatives.cat<\/a><\/p><p><strong>Web:<\/strong> <a href=\"http:\/\/www.escolescooperatives.cat\/\">http:\/\/www.escolescooperatives.cat\/<\/a><\/p><p><strong>Persona de contacto\/Consejero:\u00a0 <\/strong>Enric Masi\u00e1 Ballester<\/p><p><strong>Misi\u00f3n\u00a0 \u00a0 \u00a0 \u00a0 \u00a0 \u00a0 \u00a0 \u00a0 \u00a0 \u00a0 \u00a0 \u00a0 \u00a0 \u00a0 \u00a0 \u00a0 \u00a0 \u00a0 \u00a0 \u00a0 \u00a0 \u00a0 \u00a0 \u00a0 \u00a0 \u00a0 \u00a0 \u00a0 \u00a0 \u00a0 \u00a0 \u00a0 \u00a0 \u00a0 \u00a0 \u00a0 \u00a0 \u00a0 \u00a0 \u00a0 \u00a0 \u00a0 \u00a0 \u00a0 \u00a0 \u00a0 \u00a0 \u00a0 \u00a0 \u00a0 \u00a0 \u00a0 \u00a0 \u00a0 \u00a0 \u00a0 <\/strong>Representar a las Cooperativas de ense\u00f1anza de Catalunya.<\/p><p><strong>Servicios que se ofertan\u00a0 \u00a0 \u00a0 \u00a0 \u00a0 \u00a0 \u00a0 \u00a0 \u00a0 \u00a0 \u00a0 \u00a0 \u00a0 \u00a0 \u00a0 \u00a0 \u00a0 \u00a0 \u00a0 \u00a0 \u00a0 \u00a0 \u00a0 \u00a0 \u00a0 \u00a0 \u00a0 \u00a0 \u00a0 \u00a0 \u00a0 \u00a0 \u00a0 \u00a0 \u00a0 <\/strong>Formaci\u00f3n, asesor\u00eda legal, informaci\u00f3n, actividades de intercambio de conocimiento y experiencias, representaci\u00f3n.<\/p><p><strong>Tipo de centros que la componen\u00a0 \u00a0 \u00a0 \u00a0 \u00a0 \u00a0 \u00a0 \u00a0 \u00a0 \u00a0 \u00a0 \u00a0 \u00a0 \u00a0 \u00a0 \u00a0 \u00a0 \u00a0 \u00a0 \u00a0 \u00a0 \u00a0 \u00a0 \u00a0 \u00a0 \u00a0 \u00a0 \u00a0 \u00a0 \u00a0 \u00a0 \u00a0 <\/strong>Cooperativas de trabajo asociado (profesores), de consumo (madres y padres) e integrales.<\/p><p><strong>Datos de inter\u00e9s\u00a0 \u00a0 \u00a0 \u00a0 \u00a0 \u00a0 \u00a0 \u00a0 \u00a0 \u00a0 \u00a0 \u00a0 \u00a0 \u00a0 \u00a0 \u00a0 \u00a0 \u00a0 \u00a0 \u00a0 \u00a0 \u00a0 \u00a0 \u00a0 \u00a0 \u00a0 \u00a0 \u00a0 \u00a0 \u00a0 \u00a0 \u00a0 \u00a0 \u00a0 \u00a0 \u00a0 \u00a0 \u00a0 \u00a0 \u00a0 \u00a0 \u00a0 \u00a0 \u00a0 \u00a0 \u00a0 \u00a0 \u00a0 <\/strong>La FECEC nace en 1979 en unos momentos pol\u00edticos y sociales determinados, donde la iniciativa de la sociedad civil ofrec\u00eda respuestas a las carencias, del pa\u00eds. Colectivos de madres, de padres y de maestros pusieron en marcha proyectos educativos bajo una forma jur\u00eddica que respond\u00eda al sentir com\u00fan de corresponsabilidad y de compartir: la cooperativa.<\/p><p>La Federaci\u00f3n, con presencia en todo el territorio catal\u00e1n, fue desarrollando las tareas de representaci\u00f3n de este colectivo que hist\u00f3ricamente ha pasado por periodos complicados y diversos como el CEPEC, el Pacto de centros en crisis y la consolidaci\u00f3n actual ya a partir de finales de los 90.<\/p><p>En estos momentos la Federaci\u00f3n agrupa a 33 escuelas cooperativas, que re\u00fanen 4.798 socios cooperativistas y 821 trabajadores que educan y ense\u00f1an a 14.124 alumnos.<\/p>\t\t\t\t\t\t\t\t<\/div>\n\t\t\t\t<\/div>\n\t\t\t\t\t<\/div>\n\t\t<\/div>\n\t\t\t\t\t<\/div>\n\t\t<\/section>\n\t\t\t\t\t<\/div>\n\t\t<\/div>\n\t\t\t\t\t<\/div>\n\t\t<\/section>\n\t\t\t\t<\/div>","protected":false},"excerpt":{"rendered":"<p>EscolesCoop.\u00a0 \u00a0 \u00a0Federaci\u00f3 de Cooperatives d\u00b4Ensenyament de Catalunya (FeCEC) \u00a0 \u00a0 Direcci\u00f3n de la Organizaci\u00f3n\u00a0 \u00a0 \u00a0 \u00a0 \u00a0 \u00a0 \u00a0 \u00a0 \u00a0 \u00a0 \u00a0 \u00a0 \u00a0 \u00a0 \u00a0 \u00a0 \u00a0 \u00a0 \u00a0 \u00a0 \u00a0 \u00a0 \u00a0 \u00a0 \u00a0 \u00a0 \u00a0 \u00a0 \u00a0 \u00a0 \u00a0 \u00a0 \u00a0 \u00a0 \u00a0 \u00a0 FeCEC\u00a0 \u00a0 \u00a0 \u00a0 \u00a0 &#8230; <a title=\"cataluna\" class=\"read-more\" href=\"https:\/\/uecoe.es\/en\/asociados\/cataluna\/\" aria-label=\"Read more about cataluna\">Read more<\/a><\/p>","protected":false},"author":6,"featured_media":0,"parent":1479,"menu_order":0,"comment_status":"closed","ping_status":"closed","template":"","meta":{"footnotes":""},"class_list":["post-1859","page","type-page","status-publish"],"_links":{"self":[{"href":"https:\/\/uecoe.es\/en\/wp-json\/wp\/v2\/pages\/1859","targetHints":{"allow":["GET"]}}],"collection":[{"href":"https:\/\/uecoe.es\/en\/wp-json\/wp\/v2\/pages"}],"about":[{"href":"https:\/\/uecoe.es\/en\/wp-json\/wp\/v2\/types\/page"}],"author":[{"embeddable":true,"href":"https:\/\/uecoe.es\/en\/wp-json\/wp\/v2\/users\/6"}],"replies":[{"embeddable":true,"href":"https:\/\/uecoe.es\/en\/wp-json\/wp\/v2\/comments?post=1859"}],"version-history":[{"count":8,"href":"https:\/\/uecoe.es\/en\/wp-json\/wp\/v2\/pages\/1859\/revisions"}],"predecessor-version":[{"id":3232,"href":"https:\/\/uecoe.es\/en\/wp-json\/wp\/v2\/pages\/1859\/revisions\/3232"}],"up":[{"embeddable":true,"href":"https:\/\/uecoe.es\/en\/wp-json\/wp\/v2\/pages\/1479"}],"wp:attachment":[{"href":"https:\/\/uecoe.es\/en\/wp-json\/wp\/v2\/media?parent=1859"}],"curies":[{"name":"wp","href":"https:\/\/api.w.org\/{rel}","templated":true}]}}

<div data-elementor-type="wp-page" data-elementor-id="1859" class="elementor elementor-1859" data-elementor-post-type="page">
						<section class="elementor-section elementor-top-section elementor-element elementor-element-86f4e89 elementor-section-boxed elementor-section-height-default elementor-section-height-default" data-id="86f4e89" data-element_type="section" data-e-type="section">
						<div class="elementor-container elementor-column-gap-default">
					<div class="elementor-column elementor-col-100 elementor-top-column elementor-element elementor-element-2f49fe9" data-id="2f49fe9" data-element_type="column" data-e-type="column">
			<div class="elementor-widget-wrap elementor-element-populated">
						<section class="elementor-section elementor-inner-section elementor-element elementor-element-0f9d154 elementor-section-boxed elementor-section-height-default elementor-section-height-default" data-id="0f9d154" data-element_type="section" data-e-type="section">
						<div class="elementor-container elementor-column-gap-default">
					<div class="elementor-column elementor-col-50 elementor-inner-column elementor-element elementor-element-d8bd0ff" data-id="d8bd0ff" data-element_type="column" data-e-type="column">
			<div class="elementor-widget-wrap elementor-element-populated">
						<div class="elementor-element elementor-element-1fe0b59 elementor-widget__width-inherit elementor-widget elementor-widget-shortcode" data-id="1fe0b59" data-element_type="widget" data-e-type="widget" data-widget_type="shortcode.default">
				<div class="elementor-widget-container">
							<div class="elementor-shortcode"><div class="map_wrapper" id="map_wrapper_1770">
<div class="map_box" style="max-width:1600px">
<div class="map_aspect_ratio" style="padding-top:90%" data-padding-top="90%" data-padding-top-mobile="0%">
<div class="map_container">
<div class="map_render map_loading" id="map_1770"></div>
</div>
</div>
</div>
</div></div>
						</div>
				</div>
					</div>
		</div>
				<div class="elementor-column elementor-col-50 elementor-inner-column elementor-element elementor-element-158c4da" data-id="158c4da" data-element_type="column" data-e-type="column">
			<div class="elementor-widget-wrap elementor-element-populated">
						<div class="elementor-element elementor-element-c73f259 elementor-widget elementor-widget-text-editor" data-id="c73f259" data-element_type="widget" data-e-type="widget" data-widget_type="text-editor.default">
				<div class="elementor-widget-container">
									<h3><strong>EscolesCoop.     Federació de Cooperatives d´Ensenyament de Catalunya (FeCEC)</strong></h3><p> </p><p><strong><a class="dt-pswp-item" href="https://uecoe.endesys.net/wp-content/uploads/2021/04/Escoles-Coop-Horitzontal-color.jpg" data-dt-img-description="" data-large_image_width="1638" data-large_image_height="405"><img decoding="async" class="size-medium wp-image-1837 aligncenter" src="https://uecoe.endesys.net/wp-content/uploads/2021/04/Escoles-Coop-Horitzontal-color-300x74.jpg" alt="" width="300" height="74" /></a></strong></p><p> </p><p><strong>Dirección de la Organización                                                                        </strong>FeCEC                                                                                                                    C. Premià, nº 15 – 1ª planta                                                                                    08014- Barcelona</p><p><strong>Teléfono</strong>: 933324326</p><p><strong>E-Mail</strong>: <a href="mailto:info@escolescooperatives.cat">info@escolescooperatives.cat</a></p><p><strong>Web:</strong> <a href="http://www.escolescooperatives.cat/">http://www.escolescooperatives.cat/</a></p><p><strong>Persona de contacto/Consejero:  </strong>Enric Masiá Ballester</p><p><strong>Misión                                                                                                                </strong>Representar a las Cooperativas de enseñanza de Catalunya.</p><p><strong>Servicios que se ofertan                                                                      </strong>Formación, asesoría legal, información, actividades de intercambio de conocimiento y experiencias, representación.</p><p><strong>Tipo de centros que la componen                                                                </strong>Cooperativas de trabajo asociado (profesores), de consumo (madres y padres) e integrales.</p><p><strong>Datos de interés                                                                                                </strong>La FECEC nace en 1979 en unos momentos políticos y sociales determinados, donde la iniciativa de la sociedad civil ofrecía respuestas a las carencias, del país. Colectivos de madres, de padres y de maestros pusieron en marcha proyectos educativos bajo una forma jurídica que respondía al sentir común de corresponsabilidad y de compartir: la cooperativa.</p><p>La Federación, con presencia en todo el territorio catalán, fue desarrollando las tareas de representación de este colectivo que históricamente ha pasado por periodos complicados y diversos como el CEPEC, el Pacto de centros en crisis y la consolidación actual ya a partir de finales de los 90.</p><p>En estos momentos la Federación agrupa a 33 escuelas cooperativas, que reúnen 4.798 socios cooperativistas y 821 trabajadores que educan y enseñan a 14.124 alumnos.</p>								</div>
				</div>
					</div>
		</div>
					</div>
		</section>
					</div>
		</div>
					</div>
		</section>
				</div>

<p>EscolesCoop.     Federació de Cooperatives d´Ensenyament de Catalunya (FeCEC)     Dirección de la Organización                                                                        FeCEC          &#8230; <a title="cataluna" class="read-more" href="https://uecoe.es/en/asociados/cataluna/" aria-label="Read more about cataluna">Read more</a></p>
