{"id":2687,"date":"2017-03-31T11:55:00","date_gmt":"2017-03-31T11:55:00","guid":{"rendered":"https:\/\/uecoe.es\/?post_type=proyectos&#038;p=2687"},"modified":"2024-04-16T08:41:28","modified_gmt":"2024-04-16T08:41:28","slug":"jornada-modelando-la-nueva-fp","status":"publish","type":"proyectos","link":"https:\/\/uecoe.es\/en\/proyectos\/jornada-modelando-la-nueva-fp\/","title":{"rendered":"\u00a0Jornada Modelando la nueva FP &#8211; Valencia 2017"},"content":{"rendered":"<p>Celebrada en Valencia los d\u00edas 30 y 31 de marzo de 2017<\/p>\n\n\n\n<p>Se dise\u00f1\u00f3 una estrategia de funcionamiento para las jornadas que permitiera a los asistentes crear, dise\u00f1ar y producir, a trav\u00e9s de la creaci\u00f3n de redes de trabajo y la celebraci\u00f3n de caf\u00e9s (en el sentido profesional del t\u00e9rmino World Caf\u00e9).<\/p>\n\n\n\n<p>Para el desarrollo de las jornadas se us\u00f3 la estructura&nbsp;<strong>World Caf\u00e9<\/strong>, planteada por equipos.<\/p>\n\n\n\n<p>El World Caf\u00e9 es una metodolog\u00eda que crea redes de di\u00e1logo colaborativo, alrededor de asuntos que importan en situaciones de la vida real, en nuestro caso los ocho elementos de la declaraci\u00f3n educativa.<\/p>\n\n\n\n<p>Se crearon redes informales de conversaci\u00f3n y aprendizaje social, para favorecer la comunicaci\u00f3n y el intercambio de experiencias, que f\u00edsicamente se realizaron en mesas de trabajo entorno a un caf\u00e9.<\/p>\n\n\n\n<p>Esta met\u00e1fora provocativa se plante\u00f3 para crear un&nbsp;<strong>documento que recoja las pautas de actuaci\u00f3n en torno a la declaraci\u00f3n educativa sobre la FP<\/strong>, a la vez que estuvimos movi\u00e9ndonos entre \u00abmesas de conversaciones\u00bb divididas en&nbsp; ocho ejes tem\u00e1ticos.<\/p>\n\n\n\n<p>La finalidad de esta estrategia es generar un proceso comunicativo, basado en conversaciones, a trav\u00e9s de reuniones y posibles mini-conferencias, para la creaci\u00f3n de conocimiento, implicaci\u00f3n e innovaci\u00f3n.<\/p>\n\n\n\n<p>Se pretende ayudar a tomar decisiones de manera activa, participativa y satisfactoria.<\/p>\n\n\n\n<p>La metodolog\u00eda se basa en estos aspectos:<\/p>\n\n\n\n<ul class=\"wp-block-list\">\n<li>Participaci\u00f3n activa, paso de ideas individuales a colectivas<\/li>\n\n\n\n<li>Mesas redondas de 4 o 5 personas<\/li>\n\n\n\n<li>Preguntas sobre las que girar\u00e1 el debate<\/li>\n\n\n\n<li>Rotaci\u00f3n de las personas por las diferentes mesas. Importante interactuar con el mayor n\u00famero de personas posible<\/li>\n\n\n\n<li>Figura del \u201canfitri\u00f3n\u201d o \u201chost\u201d<\/li>\n\n\n\n<li>Recogida y puesta en com\u00fan de conclusiones<\/li>\n<\/ul>\n\n\n\n<p>Principios operativos generados:<\/p>\n\n\n\n<ul class=\"wp-block-list\">\n<li>Crear un espacio acogedor<\/li>\n\n\n\n<li>Explorar preguntas que importan<\/li>\n\n\n\n<li>Alentar la contribuci\u00f3n de cada participante<\/li>\n\n\n\n<li>Conectar diversas perspectivas<\/li>\n\n\n\n<li>Hacer visible el conocimiento colectivo<\/li>\n<\/ul>\n\n\n\n<p>Para ello se utilizaron estrategias de Visual-Thinking, trabajando sobre \u201cCANVAS\u201d tem\u00e1ticos que recogieron las reflexiones de cada elemento desarrollado.<\/p>\n\n\n\n<h4 class=\"wp-block-heading\">Programa<\/h4>\n\n\n\n<p><a href=\"https:\/\/uecoe.es\/wp-content\/uploads\/2017\/03\/Jornadas-FP-UECoE.UCEV-2017-Programa.pdf\">Jornadas FP UECoE.UCEV 2017 \u2013 Programa<\/a><\/p>\n\n\n\n<h4 class=\"wp-block-heading\">Preguntas gu\u00eda mesas<\/h4>\n\n\n\n<p><a href=\"https:\/\/uecoe.es\/wp-content\/uploads\/2017\/05\/Jornadas-FP-UECoE.UCEV-2017-Preguntas-gu%C3%ADa-mesas.pdf\">Jornadas FP UECoE.UCEV 2017 \u2013 Preguntas gu\u00eda mesas<\/a><\/p>\n\n\n\n<h4 class=\"wp-block-heading\">Fotos&nbsp;Manteles<\/h4>\n\n\n<div class=\"wp-block-image\">\n<figure class=\"aligncenter\"><img decoding=\"async\" src=\"https:\/\/uecoe.es\/wp-content\/uploads\/2017\/05\/MANTEL-8BIS-228x210.jpg\" alt=\"\"\/><\/figure>\n<\/div>\n\n\n<p><a href=\"https:\/\/uecoe.es\/wp-content\/uploads\/2017\/05\/MANTEL-8BIS.jpg\"><\/a><\/p>\n\n\n<div class=\"wp-block-image\">\n<figure class=\"aligncenter\"><img decoding=\"async\" src=\"https:\/\/uecoe.es\/wp-content\/uploads\/2017\/05\/MANTEL-8-228x210.jpg\" alt=\"\"\/><\/figure>\n<\/div>\n\n\n<p><a href=\"https:\/\/uecoe.es\/wp-content\/uploads\/2017\/05\/MANTEL-8.jpg\"><\/a><\/p>\n\n\n<div class=\"wp-block-image\">\n<figure class=\"aligncenter\"><img decoding=\"async\" src=\"https:\/\/uecoe.es\/wp-content\/uploads\/2017\/05\/MANTEL-7BIS-261x210.jpg\" alt=\"\"\/><\/figure>\n<\/div>\n\n\n<p><a href=\"https:\/\/uecoe.es\/wp-content\/uploads\/2017\/05\/MANTEL-7BIS.jpg\"><\/a><\/p>\n\n\n\n<figure class=\"wp-block-image\"><img decoding=\"async\" src=\"https:\/\/uecoe.es\/wp-content\/uploads\/2017\/05\/MANTEL-7-235x210.jpg\" alt=\"\"\/><\/figure>\n\n\n\n<p><a href=\"https:\/\/uecoe.es\/wp-content\/uploads\/2017\/05\/MANTEL-7.jpg\"><\/a><\/p>\n\n\n<div class=\"wp-block-image\">\n<figure class=\"aligncenter\"><img decoding=\"async\" src=\"https:\/\/uecoe.es\/wp-content\/uploads\/2017\/05\/MANTEL-6BIS-245x210.jpg\" alt=\"\"\/><\/figure>\n<\/div>\n\n\n<p><a href=\"https:\/\/uecoe.es\/wp-content\/uploads\/2017\/05\/MANTEL-6BIS.jpg\"><\/a><\/p>\n\n\n<div class=\"wp-block-image\">\n<figure class=\"aligncenter\"><img decoding=\"async\" src=\"https:\/\/uecoe.es\/wp-content\/uploads\/2017\/05\/MANTEL-6-220x210.jpg\" alt=\"\"\/><\/figure>\n<\/div>\n\n\n<p><a href=\"https:\/\/uecoe.es\/wp-content\/uploads\/2017\/05\/MANTEL-6.jpg\"><\/a><\/p>\n\n\n<div class=\"wp-block-image\">\n<figure class=\"aligncenter\"><img decoding=\"async\" src=\"https:\/\/uecoe.es\/wp-content\/uploads\/2017\/05\/MANTEL-5BIS-209x210.jpg\" alt=\"\"\/><\/figure>\n<\/div>\n\n\n<p><a href=\"https:\/\/uecoe.es\/wp-content\/uploads\/2017\/05\/MANTEL-5BIS.jpg\"><\/a><\/p>\n\n\n<div class=\"wp-block-image\">\n<figure class=\"aligncenter\"><img decoding=\"async\" src=\"https:\/\/uecoe.es\/wp-content\/uploads\/2017\/05\/MANTEL-5-199x210.jpg\" alt=\"\"\/><\/figure>\n<\/div>\n\n\n<p><a href=\"https:\/\/uecoe.es\/wp-content\/uploads\/2017\/05\/MANTEL-5.jpg\"><\/a><\/p>\n\n\n<div class=\"wp-block-image\">\n<figure class=\"aligncenter\"><img decoding=\"async\" src=\"https:\/\/uecoe.es\/wp-content\/uploads\/2017\/05\/MANTEL-4BIS-174x210.jpg\" alt=\"\"\/><\/figure>\n<\/div>\n\n\n<p><a href=\"https:\/\/uecoe.es\/wp-content\/uploads\/2017\/05\/MANTEL-4BIS.jpg\"><\/a><\/p>\n\n\n<div class=\"wp-block-image\">\n<figure class=\"aligncenter\"><img decoding=\"async\" src=\"https:\/\/uecoe.es\/wp-content\/uploads\/2017\/05\/MANTEL-4-182x210.jpg\" alt=\"\"\/><\/figure>\n<\/div>\n\n\n<p><a href=\"https:\/\/uecoe.es\/wp-content\/uploads\/2017\/05\/MANTEL-4.jpg\"><\/a><\/p>\n\n\n<div class=\"wp-block-image\">\n<figure class=\"aligncenter\"><img decoding=\"async\" src=\"https:\/\/uecoe.es\/wp-content\/uploads\/2017\/05\/MANTEL-3BIS-221x210.jpg\" alt=\"\"\/><\/figure>\n<\/div>\n\n\n<p><a href=\"https:\/\/uecoe.es\/wp-content\/uploads\/2017\/05\/MANTEL-3BIS.jpg\"><\/a><\/p>\n\n\n<div class=\"wp-block-image\">\n<figure class=\"aligncenter\"><img decoding=\"async\" src=\"https:\/\/uecoe.es\/wp-content\/uploads\/2017\/05\/MANTEL-3-252x210.jpg\" alt=\"\"\/><\/figure>\n<\/div>\n\n\n<p><a href=\"https:\/\/uecoe.es\/wp-content\/uploads\/2017\/05\/MANTEL-3.jpg\"><\/a><\/p>\n\n\n\n<h4 class=\"wp-block-heading\">Fotos Canvas<\/h4>\n\n\n<div class=\"wp-block-image\">\n<figure class=\"aligncenter\"><img decoding=\"async\" src=\"https:\/\/uecoe.es\/wp-content\/uploads\/2017\/06\/CANVAS-8-301x210.jpg\" alt=\"\"\/><\/figure>\n<\/div>\n\n\n<p><a href=\"https:\/\/uecoe.es\/wp-content\/uploads\/2017\/06\/CANVAS-8.jpg\"><\/a><\/p>\n\n\n<div class=\"wp-block-image\">\n<figure class=\"aligncenter\"><img decoding=\"async\" src=\"https:\/\/uecoe.es\/wp-content\/uploads\/2017\/06\/CANVAS-7-297x210.jpg\" alt=\"\"\/><\/figure>\n<\/div>\n\n\n<p><a href=\"https:\/\/uecoe.es\/wp-content\/uploads\/2017\/06\/CANVAS-7.jpg\"><\/a><\/p>\n\n\n<div class=\"wp-block-image\">\n<figure class=\"aligncenter\"><img decoding=\"async\" src=\"https:\/\/uecoe.es\/wp-content\/uploads\/2017\/06\/CANVAS-6-307x210.jpg\" alt=\"\"\/><\/figure>\n<\/div>\n\n\n<p><a href=\"https:\/\/uecoe.es\/wp-content\/uploads\/2017\/06\/CANVAS-6.jpg\"><\/a><\/p>\n\n\n<div class=\"wp-block-image\">\n<figure class=\"aligncenter\"><img decoding=\"async\" src=\"https:\/\/uecoe.es\/wp-content\/uploads\/2017\/06\/CANVAS-5B-304x210.jpg\" alt=\"\"\/><\/figure>\n<\/div>\n\n\n<p><a href=\"https:\/\/uecoe.es\/wp-content\/uploads\/2017\/06\/CANVAS-5B.jpg\"><\/a><\/p>\n\n\n<div class=\"wp-block-image\">\n<figure class=\"aligncenter\"><img decoding=\"async\" src=\"https:\/\/uecoe.es\/wp-content\/uploads\/2017\/06\/CANVAS-5A-307x210.jpg\" alt=\"\"\/><\/figure>\n<\/div>\n\n\n<p><a href=\"https:\/\/uecoe.es\/wp-content\/uploads\/2017\/06\/CANVAS-5A.jpg\"><\/a><\/p>\n\n\n<div class=\"wp-block-image\">\n<figure class=\"aligncenter\"><img decoding=\"async\" src=\"https:\/\/uecoe.es\/wp-content\/uploads\/2017\/06\/CANVAS-4-304x210.jpg\" alt=\"\"\/><\/figure>\n<\/div>\n\n\n<p><a href=\"https:\/\/uecoe.es\/wp-content\/uploads\/2017\/06\/CANVAS-4.jpg\"><\/a><\/p>\n\n\n<div class=\"wp-block-image\">\n<figure class=\"aligncenter\"><img decoding=\"async\" src=\"https:\/\/uecoe.es\/wp-content\/uploads\/2017\/06\/CANVAS-3-301x210.jpg\" alt=\"\"\/><\/figure>\n<\/div>\n\n\n<p><a href=\"https:\/\/uecoe.es\/wp-content\/uploads\/2017\/06\/CANVAS-3.jpg\"><\/a><\/p>\n\n\n<div class=\"wp-block-image\">\n<figure class=\"aligncenter\"><img decoding=\"async\" src=\"https:\/\/uecoe.es\/wp-content\/uploads\/2017\/06\/CANVAS-2-298x210.jpg\" alt=\"\"\/><\/figure>\n<\/div>\n\n\n<p><a href=\"https:\/\/uecoe.es\/wp-content\/uploads\/2017\/06\/CANVAS-2.jpg\"><\/a><\/p>\n\n\n<div class=\"wp-block-image\">\n<figure class=\"aligncenter\"><img decoding=\"async\" src=\"https:\/\/uecoe.es\/wp-content\/uploads\/2017\/06\/CANVAS-1-302x210.jpg\" alt=\"\"\/><\/figure>\n<\/div>\n\n\n<p><a href=\"https:\/\/uecoe.es\/wp-content\/uploads\/2017\/06\/CANVAS-1.jpg\"><\/a><\/p>\n\n\n\n<h4 class=\"wp-block-heading\">Im\u00e1genes de la Jornada<\/h4>\n\n\n\n<figure class=\"wp-block-embed is-type-rich is-provider-gestor-del-servicio wp-block-embed-gestor-del-servicio\"><div class=\"wp-block-embed__wrapper\">\nhttps:\/\/youtube.com\/watch?v=GZWgWvKI1U0%3Ffeature%3Doembed\n<\/div><\/figure>\n\n\n\n<h4 class=\"wp-block-heading\">Ponencia de Jorge Ar\u00e9valo<\/h4>\n\n\n\n<figure class=\"wp-block-embed is-type-rich is-provider-gestor-del-servicio wp-block-embed-gestor-del-servicio\"><div class=\"wp-block-embed__wrapper\">\nhttps:\/\/youtube.com\/watch?v=TvPaXSMf4I4%3Ffeature%3Doembed\n<\/div><\/figure>\n\n\n\n<p>Compartir en Redes<\/p>\n\n\n\n<p><a href=\"http:\/\/www.facebook.com\/sharer.php?u=https%3A%2F%2Fuecoe.endesys.net%2Fjornada-modelando-la-nueva-fp%2F&amp;t=Jornada+Modelando+la+nueva+FP\" target=\"_blank\" rel=\"noreferrer noopener\">Compartir con Facebook<\/a><a href=\"https:\/\/twitter.com\/share?url=https%3A%2F%2Fuecoe.endesys.net%2Fjornada-modelando-la-nueva-fp%2F&amp;text=Jornada+Modelando+la+nueva+FP\" target=\"_blank\" rel=\"noreferrer noopener\"><\/a><\/p>","protected":false},"featured_media":2691,"template":"","class_list":["post-2687","proyectos","type-proyectos","status-publish","has-post-thumbnail","hentry"],"_links":{"self":[{"href":"https:\/\/uecoe.es\/en\/wp-json\/wp\/v2\/proyectos\/2687","targetHints":{"allow":["GET"]}}],"collection":[{"href":"https:\/\/uecoe.es\/en\/wp-json\/wp\/v2\/proyectos"}],"about":[{"href":"https:\/\/uecoe.es\/en\/wp-json\/wp\/v2\/types\/proyectos"}],"wp:featuredmedia":[{"embeddable":true,"href":"https:\/\/uecoe.es\/en\/wp-json\/wp\/v2\/media\/2691"}],"wp:attachment":[{"href":"https:\/\/uecoe.es\/en\/wp-json\/wp\/v2\/media?parent=2687"}],"curies":[{"name":"wp","href":"https:\/\/api.w.org\/{rel}","templated":true}]}}

<p>Celebrada en Valencia los días 30 y 31 de marzo de 2017</p>



<p>Se diseñó una estrategia de funcionamiento para las jornadas que permitiera a los asistentes crear, diseñar y producir, a través de la creación de redes de trabajo y la celebración de cafés (en el sentido profesional del término World Café).</p>



<p>Para el desarrollo de las jornadas se usó la estructura&nbsp;<strong>World Café</strong>, planteada por equipos.</p>



<p>El World Café es una metodología que crea redes de diálogo colaborativo, alrededor de asuntos que importan en situaciones de la vida real, en nuestro caso los ocho elementos de la declaración educativa.</p>



<p>Se crearon redes informales de conversación y aprendizaje social, para favorecer la comunicación y el intercambio de experiencias, que físicamente se realizaron en mesas de trabajo entorno a un café.</p>



<p>Esta metáfora provocativa se planteó para crear un&nbsp;<strong>documento que recoja las pautas de actuación en torno a la declaración educativa sobre la FP</strong>, a la vez que estuvimos moviéndonos entre «mesas de conversaciones» divididas en&nbsp; ocho ejes temáticos.</p>



<p>La finalidad de esta estrategia es generar un proceso comunicativo, basado en conversaciones, a través de reuniones y posibles mini-conferencias, para la creación de conocimiento, implicación e innovación.</p>



<p>Se pretende ayudar a tomar decisiones de manera activa, participativa y satisfactoria.</p>



<p>La metodología se basa en estos aspectos:</p>



<ul class="wp-block-list">
<li>Participación activa, paso de ideas individuales a colectivas</li>



<li>Mesas redondas de 4 o 5 personas</li>



<li>Preguntas sobre las que girará el debate</li>



<li>Rotación de las personas por las diferentes mesas. Importante interactuar con el mayor número de personas posible</li>



<li>Figura del “anfitrión” o “host”</li>



<li>Recogida y puesta en común de conclusiones</li>
</ul>



<p>Principios operativos generados:</p>



<ul class="wp-block-list">
<li>Crear un espacio acogedor</li>



<li>Explorar preguntas que importan</li>



<li>Alentar la contribución de cada participante</li>



<li>Conectar diversas perspectivas</li>



<li>Hacer visible el conocimiento colectivo</li>
</ul>



<p>Para ello se utilizaron estrategias de Visual-Thinking, trabajando sobre “CANVAS” temáticos que recogieron las reflexiones de cada elemento desarrollado.</p>



<h4 class="wp-block-heading">Programa</h4>



<p><a href="https://uecoe.es/wp-content/uploads/2017/03/Jornadas-FP-UECoE.UCEV-2017-Programa.pdf">Jornadas FP UECoE.UCEV 2017 – Programa</a></p>



<h4 class="wp-block-heading">Preguntas guía mesas</h4>



<p><a href="https://uecoe.es/wp-content/uploads/2017/05/Jornadas-FP-UECoE.UCEV-2017-Preguntas-gu%C3%ADa-mesas.pdf">Jornadas FP UECoE.UCEV 2017 – Preguntas guía mesas</a></p>



<h4 class="wp-block-heading">Fotos&nbsp;Manteles</h4>


<div class="wp-block-image">
<figure class="aligncenter"><img decoding="async" src="https://uecoe.es/wp-content/uploads/2017/05/MANTEL-8BIS-228x210.jpg" alt=""/></figure>
</div>


<p><a href="https://uecoe.es/wp-content/uploads/2017/05/MANTEL-8BIS.jpg"></a></p>


<div class="wp-block-image">
<figure class="aligncenter"><img decoding="async" src="https://uecoe.es/wp-content/uploads/2017/05/MANTEL-8-228x210.jpg" alt=""/></figure>
</div>


<p><a href="https://uecoe.es/wp-content/uploads/2017/05/MANTEL-8.jpg"></a></p>


<div class="wp-block-image">
<figure class="aligncenter"><img decoding="async" src="https://uecoe.es/wp-content/uploads/2017/05/MANTEL-7BIS-261x210.jpg" alt=""/></figure>
</div>


<p><a href="https://uecoe.es/wp-content/uploads/2017/05/MANTEL-7BIS.jpg"></a></p>



<figure class="wp-block-image"><img decoding="async" src="https://uecoe.es/wp-content/uploads/2017/05/MANTEL-7-235x210.jpg" alt=""/></figure>



<p><a href="https://uecoe.es/wp-content/uploads/2017/05/MANTEL-7.jpg"></a></p>


<div class="wp-block-image">
<figure class="aligncenter"><img decoding="async" src="https://uecoe.es/wp-content/uploads/2017/05/MANTEL-6BIS-245x210.jpg" alt=""/></figure>
</div>


<p><a href="https://uecoe.es/wp-content/uploads/2017/05/MANTEL-6BIS.jpg"></a></p>


<div class="wp-block-image">
<figure class="aligncenter"><img decoding="async" src="https://uecoe.es/wp-content/uploads/2017/05/MANTEL-6-220x210.jpg" alt=""/></figure>
</div>


<p><a href="https://uecoe.es/wp-content/uploads/2017/05/MANTEL-6.jpg"></a></p>


<div class="wp-block-image">
<figure class="aligncenter"><img decoding="async" src="https://uecoe.es/wp-content/uploads/2017/05/MANTEL-5BIS-209x210.jpg" alt=""/></figure>
</div>


<p><a href="https://uecoe.es/wp-content/uploads/2017/05/MANTEL-5BIS.jpg"></a></p>


<div class="wp-block-image">
<figure class="aligncenter"><img decoding="async" src="https://uecoe.es/wp-content/uploads/2017/05/MANTEL-5-199x210.jpg" alt=""/></figure>
</div>


<p><a href="https://uecoe.es/wp-content/uploads/2017/05/MANTEL-5.jpg"></a></p>


<div class="wp-block-image">
<figure class="aligncenter"><img decoding="async" src="https://uecoe.es/wp-content/uploads/2017/05/MANTEL-4BIS-174x210.jpg" alt=""/></figure>
</div>


<p><a href="https://uecoe.es/wp-content/uploads/2017/05/MANTEL-4BIS.jpg"></a></p>


<div class="wp-block-image">
<figure class="aligncenter"><img decoding="async" src="https://uecoe.es/wp-content/uploads/2017/05/MANTEL-4-182x210.jpg" alt=""/></figure>
</div>


<p><a href="https://uecoe.es/wp-content/uploads/2017/05/MANTEL-4.jpg"></a></p>


<div class="wp-block-image">
<figure class="aligncenter"><img decoding="async" src="https://uecoe.es/wp-content/uploads/2017/05/MANTEL-3BIS-221x210.jpg" alt=""/></figure>
</div>


<p><a href="https://uecoe.es/wp-content/uploads/2017/05/MANTEL-3BIS.jpg"></a></p>


<div class="wp-block-image">
<figure class="aligncenter"><img decoding="async" src="https://uecoe.es/wp-content/uploads/2017/05/MANTEL-3-252x210.jpg" alt=""/></figure>
</div>


<p><a href="https://uecoe.es/wp-content/uploads/2017/05/MANTEL-3.jpg"></a></p>



<h4 class="wp-block-heading">Fotos Canvas</h4>


<div class="wp-block-image">
<figure class="aligncenter"><img decoding="async" src="https://uecoe.es/wp-content/uploads/2017/06/CANVAS-8-301x210.jpg" alt=""/></figure>
</div>


<p><a href="https://uecoe.es/wp-content/uploads/2017/06/CANVAS-8.jpg"></a></p>


<div class="wp-block-image">
<figure class="aligncenter"><img decoding="async" src="https://uecoe.es/wp-content/uploads/2017/06/CANVAS-7-297x210.jpg" alt=""/></figure>
</div>


<p><a href="https://uecoe.es/wp-content/uploads/2017/06/CANVAS-7.jpg"></a></p>


<div class="wp-block-image">
<figure class="aligncenter"><img decoding="async" src="https://uecoe.es/wp-content/uploads/2017/06/CANVAS-6-307x210.jpg" alt=""/></figure>
</div>


<p><a href="https://uecoe.es/wp-content/uploads/2017/06/CANVAS-6.jpg"></a></p>


<div class="wp-block-image">
<figure class="aligncenter"><img decoding="async" src="https://uecoe.es/wp-content/uploads/2017/06/CANVAS-5B-304x210.jpg" alt=""/></figure>
</div>


<p><a href="https://uecoe.es/wp-content/uploads/2017/06/CANVAS-5B.jpg"></a></p>


<div class="wp-block-image">
<figure class="aligncenter"><img decoding="async" src="https://uecoe.es/wp-content/uploads/2017/06/CANVAS-5A-307x210.jpg" alt=""/></figure>
</div>


<p><a href="https://uecoe.es/wp-content/uploads/2017/06/CANVAS-5A.jpg"></a></p>


<div class="wp-block-image">
<figure class="aligncenter"><img decoding="async" src="https://uecoe.es/wp-content/uploads/2017/06/CANVAS-4-304x210.jpg" alt=""/></figure>
</div>


<p><a href="https://uecoe.es/wp-content/uploads/2017/06/CANVAS-4.jpg"></a></p>


<div class="wp-block-image">
<figure class="aligncenter"><img decoding="async" src="https://uecoe.es/wp-content/uploads/2017/06/CANVAS-3-301x210.jpg" alt=""/></figure>
</div>


<p><a href="https://uecoe.es/wp-content/uploads/2017/06/CANVAS-3.jpg"></a></p>


<div class="wp-block-image">
<figure class="aligncenter"><img decoding="async" src="https://uecoe.es/wp-content/uploads/2017/06/CANVAS-2-298x210.jpg" alt=""/></figure>
</div>


<p><a href="https://uecoe.es/wp-content/uploads/2017/06/CANVAS-2.jpg"></a></p>


<div class="wp-block-image">
<figure class="aligncenter"><img decoding="async" src="https://uecoe.es/wp-content/uploads/2017/06/CANVAS-1-302x210.jpg" alt=""/></figure>
</div>


<p><a href="https://uecoe.es/wp-content/uploads/2017/06/CANVAS-1.jpg"></a></p>



<h4 class="wp-block-heading">Imágenes de la Jornada</h4>



<figure class="wp-block-embed is-type-rich is-provider-gestor-del-servicio wp-block-embed-gestor-del-servicio"><div class="wp-block-embed__wrapper">
https://youtube.com/watch?v=GZWgWvKI1U0%3Ffeature%3Doembed
</div></figure>



<h4 class="wp-block-heading">Ponencia de Jorge Arévalo</h4>



<figure class="wp-block-embed is-type-rich is-provider-gestor-del-servicio wp-block-embed-gestor-del-servicio"><div class="wp-block-embed__wrapper">
https://youtube.com/watch?v=TvPaXSMf4I4%3Ffeature%3Doembed
</div></figure>



<p>Compartir en Redes</p>



<p><a href="http://www.facebook.com/sharer.php?u=https%3A%2F%2Fuecoe.endesys.net%2Fjornada-modelando-la-nueva-fp%2F&amp;t=Jornada+Modelando+la+nueva+FP" target="_blank" rel="noreferrer noopener">Compartir con Facebook</a><a href="https://twitter.com/share?url=https%3A%2F%2Fuecoe.endesys.net%2Fjornada-modelando-la-nueva-fp%2F&amp;text=Jornada+Modelando+la+nueva+FP" target="_blank" rel="noreferrer noopener"></a></p>
