{"id":3386,"date":"2017-11-28T09:19:00","date_gmt":"2017-11-28T09:19:00","guid":{"rendered":"https:\/\/uecoe.es\/?post_type=proyectos&#038;p=3386"},"modified":"2024-04-16T09:24:05","modified_gmt":"2024-04-16T09:24:05","slug":"jornadas-emprendimiento-e-innovacion-educativa-con-aprendizaje-cooperativo-madrid-2017","status":"publish","type":"proyectos","link":"https:\/\/uecoe.es\/en\/proyectos\/jornadas-emprendimiento-e-innovacion-educativa-con-aprendizaje-cooperativo-madrid-2017\/","title":{"rendered":"Jornadas \u201cEmprendimiento e Innovaci\u00f3n Educativa con Aprendizaje Cooperativo\u201d- Madrid 2017"},"content":{"rendered":"<p>Los d\u00edas 27 y 28 de Noviembre de 2017 celebramos en Madrid las jornadas \u201cEmprendimiento e innovaci\u00f3n educativa con aprendizaje cooperativo\u201d, jornadas de car\u00e1cter fundamentalmente pr\u00e1ctico, pero tambi\u00e9n reflexivo y experiencial y anal\u00edtico.<\/p>\n\n\n\n<p><\/p>\n\n\n\n<p>Quisimos reflexionar sobre m\u00e9todos o f\u00f3rmulas educativas que favorezcan, a trav\u00e9s de actividades o metodolog\u00edas educativas, la permanencia en el sistema educativo de los j\u00f3venes en edad escolar evitando el abandono y fracaso escolar temprano, as\u00ed como inculcar en los j\u00f3venes desde edad temprana el esp\u00edritu emprendedor y la cultura del emprendimiento, promoviendo actividades que fomenten el esp\u00edritu emprendedor desde el aula, ense\u00f1ar a emprender en cada uno de los niveles educativos.<\/p>\n\n\n\n<p><\/p>\n\n\n\n<p>Se pusieron en valor experiencias y situaciones que desde el aula se trabajan en relaci\u00f3n a la asignatura de aprender a emprender en alguno de nuestros Centros educativos. En base a \u00e9stas, se busc\u00f3 arrancar la intervenci\u00f3n te\u00f3rica, la reflexi\u00f3n general y participativa entre todos los asistentes a la jornada, la experimentaci\u00f3n&nbsp; y el debate de los profesionales docentes que participaron.<\/p>\n\n\n\n<p><a href=\"https:\/\/www.dropbox.com\/scl\/fo\/5c710l4ulykshz41mffjw\/AGRjlYGfrcu1y-yB8W5-_R8?rlkey=vlfqhbn9ribjut4889jyzu5lj&amp;dl=0\">Archivos de las Jornadas<\/a><\/p>","protected":false},"featured_media":3387,"template":"","class_list":["post-3386","proyectos","type-proyectos","status-publish","has-post-thumbnail","hentry"],"_links":{"self":[{"href":"https:\/\/uecoe.es\/en\/wp-json\/wp\/v2\/proyectos\/3386","targetHints":{"allow":["GET"]}}],"collection":[{"href":"https:\/\/uecoe.es\/en\/wp-json\/wp\/v2\/proyectos"}],"about":[{"href":"https:\/\/uecoe.es\/en\/wp-json\/wp\/v2\/types\/proyectos"}],"wp:featuredmedia":[{"embeddable":true,"href":"https:\/\/uecoe.es\/en\/wp-json\/wp\/v2\/media\/3387"}],"wp:attachment":[{"href":"https:\/\/uecoe.es\/en\/wp-json\/wp\/v2\/media?parent=3386"}],"curies":[{"name":"wp","href":"https:\/\/api.w.org\/{rel}","templated":true}]}}

Jornadas “Emprendimiento e Innovación Educativa con Aprendizaje Cooperativo”- Madrid 2017

<p>Los días 27 y 28 de Noviembre de 2017 celebramos en Madrid las jornadas “Emprendimiento e innovación educativa con aprendizaje cooperativo”, jornadas de carácter fundamentalmente práctico, pero también reflexivo y experiencial y analítico.</p>



<p></p>



<p>Quisimos reflexionar sobre métodos o fórmulas educativas que favorezcan, a través de actividades o metodologías educativas, la permanencia en el sistema educativo de los jóvenes en edad escolar evitando el abandono y fracaso escolar temprano, así como inculcar en los jóvenes desde edad temprana el espíritu emprendedor y la cultura del emprendimiento, promoviendo actividades que fomenten el espíritu emprendedor desde el aula, enseñar a emprender en cada uno de los niveles educativos.</p>



<p></p>



<p>Se pusieron en valor experiencias y situaciones que desde el aula se trabajan en relación a la asignatura de aprender a emprender en alguno de nuestros Centros educativos. En base a éstas, se buscó arrancar la intervención teórica, la reflexión general y participativa entre todos los asistentes a la jornada, la experimentación&nbsp; y el debate de los profesionales docentes que participaron.</p>



<p><a href="https://www.dropbox.com/scl/fo/5c710l4ulykshz41mffjw/AGRjlYGfrcu1y-yB8W5-_R8?rlkey=vlfqhbn9ribjut4889jyzu5lj&amp;dl=0">Archivos de las Jornadas</a></p>
