{"id":3436,"date":"2023-11-27T10:14:00","date_gmt":"2023-11-27T10:14:00","guid":{"rendered":"https:\/\/uecoe.es\/?post_type=proyectos&#038;p=3436"},"modified":"2024-04-22T10:16:36","modified_gmt":"2024-04-22T10:16:36","slug":"v-jornada-las-cooperativas-de-ensenanza-y-su-papel-en-la-agenda-2030-madrid-2023","status":"publish","type":"proyectos","link":"https:\/\/uecoe.es\/en\/proyectos\/v-jornada-las-cooperativas-de-ensenanza-y-su-papel-en-la-agenda-2030-madrid-2023\/","title":{"rendered":"V\u00a0Jornada\u00a0\u201cLas Cooperativas de Ense\u00f1anza y su papel en la Agenda 2030\u201d &#8211; Madrid 2023"},"content":{"rendered":"<p>El 27 de noviembre de 2023 celebramos en Madrid la V Jornada \u201cLas Cooperativas de Ense\u00f1anza y su papel en la Agenda 2030\u201d<\/p>\n\n\n\n<p>El modelo de jornada propuesta y la din\u00e1mica seguida tuvo la finalidad de conseguir el mayor grado de enriquecimiento mutuo de las organizaciones y personas participantes a trav\u00e9s del intercambio de experiencias y la reflexi\u00f3n com\u00fan sobre el papel de las cooperativas de ense\u00f1anza y centros educativos de Econom\u00eda Social dentro del sector privado para alcanzar los ODS.<\/p>\n\n\n\n<p>El total de participantes lleg\u00f3 a las previsiones establecidas con un total de 84 personas.<strong><\/strong><\/p>\n\n\n\n<p>Antes de finalizar la jornada se procedi\u00f3 a la entrega de los 60 Sellos de reconocimiento de UECoE <a>\u201cColegio ODS Cooperativo\u201d<\/a> a aquellos centros cooperativos que lo solicitaron y cumpl\u00edan los requisitos para su obtenci\u00f3n en esta convocatoria, destacando a cuatro de ellos por sus acciones para la consecuci\u00f3n de la Agenda 2030 en su comunidad educativa. Las Cooperativas de Ense\u00f1anza que obtuvieron este reconocimiento estaban ubicadas el diferentes Comunidades Aut\u00f3nomas as\u00ed Andaluc\u00eda, Arag\u00f3n, Baleares, Canarias, Cantabria, Castilla La Mancha, Castilla Le\u00f3n, Catalu\u00f1a, Galicia, Madrid, Murcia y Valencia.<\/p>\n\n\n\n<p>Pinchando <a href=\"https:\/\/www.dropbox.com\/scl\/fo\/qtc0ubpdmvlq8lb0s4f4x\/AF9nPHpofwRqcmnpW4DWAOA?rlkey=1fze08t0w06cm9649crl0xvsi&amp;st=pp5anosz&amp;dl=0\">aqu\u00ed <\/a>se puede acceder al programa y v\u00eddeo de la Jornada as\u00ed como a las fotograf\u00edas de la entrega de los sellos de reconocimiento \u201cColegio ODS Cooperativo\u201d a los centros reconocidos con el mismo que asistieron al acto.<\/p>","protected":false},"featured_media":3414,"template":"","class_list":["post-3436","proyectos","type-proyectos","status-publish","has-post-thumbnail","hentry"],"_links":{"self":[{"href":"https:\/\/uecoe.es\/en\/wp-json\/wp\/v2\/proyectos\/3436","targetHints":{"allow":["GET"]}}],"collection":[{"href":"https:\/\/uecoe.es\/en\/wp-json\/wp\/v2\/proyectos"}],"about":[{"href":"https:\/\/uecoe.es\/en\/wp-json\/wp\/v2\/types\/proyectos"}],"wp:featuredmedia":[{"embeddable":true,"href":"https:\/\/uecoe.es\/en\/wp-json\/wp\/v2\/media\/3414"}],"wp:attachment":[{"href":"https:\/\/uecoe.es\/en\/wp-json\/wp\/v2\/media?parent=3436"}],"curies":[{"name":"wp","href":"https:\/\/api.w.org\/{rel}","templated":true}]}}

V Jornada “Las Cooperativas de Enseñanza y su papel en la Agenda 2030” &#8211; Madrid 2023

<p>El 27 de noviembre de 2023 celebramos en Madrid la V Jornada “Las Cooperativas de Enseñanza y su papel en la Agenda 2030”</p>



<p>El modelo de jornada propuesta y la dinámica seguida tuvo la finalidad de conseguir el mayor grado de enriquecimiento mutuo de las organizaciones y personas participantes a través del intercambio de experiencias y la reflexión común sobre el papel de las cooperativas de enseñanza y centros educativos de Economía Social dentro del sector privado para alcanzar los ODS.</p>



<p>El total de participantes llegó a las previsiones establecidas con un total de 84 personas.<strong></strong></p>



<p>Antes de finalizar la jornada se procedió a la entrega de los 60 Sellos de reconocimiento de UECoE <a>“Colegio ODS Cooperativo”</a> a aquellos centros cooperativos que lo solicitaron y cumplían los requisitos para su obtención en esta convocatoria, destacando a cuatro de ellos por sus acciones para la consecución de la Agenda 2030 en su comunidad educativa. Las Cooperativas de Enseñanza que obtuvieron este reconocimiento estaban ubicadas el diferentes Comunidades Autónomas así Andalucía, Aragón, Baleares, Canarias, Cantabria, Castilla La Mancha, Castilla León, Cataluña, Galicia, Madrid, Murcia y Valencia.</p>



<p>Pinchando <a href="https://www.dropbox.com/scl/fo/qtc0ubpdmvlq8lb0s4f4x/AF9nPHpofwRqcmnpW4DWAOA?rlkey=1fze08t0w06cm9649crl0xvsi&amp;st=pp5anosz&amp;dl=0">aquí </a>se puede acceder al programa y vídeo de la Jornada así como a las fotografías de la entrega de los sellos de reconocimiento “Colegio ODS Cooperativo” a los centros reconocidos con el mismo que asistieron al acto.</p>
