{"id":3324,"date":"2024-04-08T08:57:22","date_gmt":"2024-04-08T08:57:22","guid":{"rendered":"https:\/\/uecoe.es\/?post_type=tribe_events&#038;p=3324"},"modified":"2024-04-08T08:59:57","modified_gmt":"2024-04-08T08:59:57","slug":"presentacion-de-la-capitalidad-espanola-de-la-economia-social","status":"publish","type":"tribe_events","link":"https:\/\/uecoe.es\/en\/calendarevents\/presentacion-de-la-capitalidad-espanola-de-la-economia-social\/","title":{"rendered":"Presentaci\u00f3n de la Capitalidad Espa\u00f1ola de la Econom\u00eda Social"},"content":{"rendered":"<p>El 5 de abril presentaci\u00f3n de la Capitalidad Espa\u00f1ola de la Econom\u00eda Social en Valencia a las 12:00h.<\/p>","protected":false},"excerpt":{"rendered":"<p>El 5 de abril presentaci\u00f3n de la Capitalidad Espa\u00f1ola de la Econom\u00eda Social en Valencia a las 12:00h.<\/p>","protected":false},"author":6,"featured_media":3326,"template":"","meta":{"_tribe_events_status":"","_tribe_events_status_reason":"","footnotes":""},"tags":[],"tribe_events_cat":[],"class_list":["post-3324","tribe_events","type-tribe_events","status-publish","has-post-thumbnail","hentry"],"_links":{"self":[{"href":"https:\/\/uecoe.es\/en\/wp-json\/wp\/v2\/tribe_events\/3324","targetHints":{"allow":["GET"]}}],"collection":[{"href":"https:\/\/uecoe.es\/en\/wp-json\/wp\/v2\/tribe_events"}],"about":[{"href":"https:\/\/uecoe.es\/en\/wp-json\/wp\/v2\/types\/tribe_events"}],"author":[{"embeddable":true,"href":"https:\/\/uecoe.es\/en\/wp-json\/wp\/v2\/users\/6"}],"version-history":[{"count":1,"href":"https:\/\/uecoe.es\/en\/wp-json\/wp\/v2\/tribe_events\/3324\/revisions"}],"predecessor-version":[{"id":3325,"href":"https:\/\/uecoe.es\/en\/wp-json\/wp\/v2\/tribe_events\/3324\/revisions\/3325"}],"wp:featuredmedia":[{"embeddable":true,"href":"https:\/\/uecoe.es\/en\/wp-json\/wp\/v2\/media\/3326"}],"wp:attachment":[{"href":"https:\/\/uecoe.es\/en\/wp-json\/wp\/v2\/media?parent=3324"}],"wp:term":[{"taxonomy":"post_tag","embeddable":true,"href":"https:\/\/uecoe.es\/en\/wp-json\/wp\/v2\/tags?post=3324"},{"taxonomy":"tribe_events_cat","embeddable":true,"href":"https:\/\/uecoe.es\/en\/wp-json\/wp\/v2\/tribe_events_cat?post=3324"}],"curies":[{"name":"wp","href":"https:\/\/api.w.org\/{rel}","templated":true}]}}

Presentación de la Capitalidad Española de la Economía Social

<p>El 5 de abril presentación de la Capitalidad Española de la Economía Social en Valencia a las 12:00h.</p>
